. Suppose -5*k - t*k = -43204. Is k a composite number?
False
Let y be ((-809256)/112)/((-2)/52). Suppose y - 626521 = -22*l. Is l a composite number?
True
Let y(h) = 966*h**2 - 54*h - 1. Is y(-15) prime?
False
Suppose 6*o - 74722 = 32990. Suppose -3*u + o = -15549. Is u composite?
True
Let f(d) = 21*d**2 - 13*d + 10 - d**3 + 39*d - 5. Let i be f(16). Suppose 5*u = -z + 1148 + 3116, 5*z = -2*u + i. Is u composite?
False
Let h = -52097 + 497098. Is h a composite number?
False
Suppose 2*k + 3*g - 180625 = 0, 4*k + g - 468408 + 107123 = 0. Is k a composite number?
True
Suppose -5 + 1 = -2*j. Suppose 7*x - 37383 = 25246 + 49504. Suppose 5*q = j*c - x, -2*q - 2 = 8. Is c prime?
False
Let s = 167 - 166. Is 7728 + (0 - s) - 6 a composite number?
True
Let z be 1/6 - (238945/42 + -9). Is (-2 + 1)*(z - -33) composite?
False
Let o(r) = -r**3 + 6*r**2 - 6*r + 5. Suppose 22 + 8 = 6*b. Let k be o(b). Suppose k*u + 433 = 2*u + l, -3*l - 199 = -u. Is u a composite number?
True
Let k(d) = -768460*d - 211. Is k(-3) composite?
False
Let n = 26164 + -6613. Is -4 + 4/(28/n) prime?
True
Is (-24)/(-60)*763170/12 a prime number?
True
Is (1575/70)/(-9)*15829*2/(-5) composite?
True
Let p be ((-4)/(-6))/(9*(-4)/(-486)). Suppose -p*i = -17672 - 72049. Is i composite?
True
Suppose 0 = -49*q + 135514 + 286327. Is q a prime number?
True
Suppose 20*f - 179889 + 69029 = 0. Is f a composite number?
True
Is (1*(-3 + 81/18))/((-6)/(-726568)) a prime number?
False
Let w(m) = -489*m**3 + 12*m**2 + 19*m + 95. Is w(-13) a composite number?
True
Let z(n) = -2596*n - 19. Let m = -152 - -150. Is z(m) a composite number?
True
Is -7 + 214930 + (-84)/6 a composite number?
True
Let z(g) = 4771*g**2 - 12*g + 6. Is z(3) a composite number?
True
Suppose 3*r - 6*r - 109633 = -5*q, 2*r + 65779 = 3*q. Is q composite?
False
Suppose -2*s - 4*d = -d - 7, 3*s - 8 = -2*d. Suppose -s = -2*a + 4*g - g, -5*a - 3*g = -26. Suppose -p + 5*c = -6*p + 1550, -c = a. Is p a composite number?
True
Let d(n) = -36*n + 211. Suppose 2*b + 62 = -0*b - 2*t, 2*b - 4*t = -74. Is d(b) prime?
True
Let d(y) = 6080*y**3 + 7*y - 7. Is d(2) a prime number?
True
Let z = 3 - -2. Let m(v) = 11 + 18 - 5 - z*v + 22*v**2. Is m(7) prime?
False
Suppose 0 = x + 6*x - 56. Let b(p) = 81*p - 34. Is b(x) prime?
False
Suppose -4*w = 4*n - 280, 0 = 3*n - 4*w + 21 - 252. Suppose -5*c - 22 = -5*o + n, 4*o + 5*c = 103. Let z = o - 3. Is z a prime number?
True
Let k = -81505 + 358504. Is k composite?
True
Let d be -5*1 + 5915 + 9. Suppose 5*h = d + 16. Is h a prime number?
True
Let t be (-3)/((-18)/43) + 4/(-24). Let z be ((-2)/t + 5/(-7))*-1. Is (-8)/(-52) + (15962/13 - z) prime?
False
Let h(a) = a**2 - 9*a - 37. Let f be h(12). Let c(z) = 2280*z**2 + z + 2. Is c(f) composite?
False
Suppose -28*o + 48*o - 4124620 = 0. Is o a prime number?
False
Suppose 3*q + 5*q - 24 = 0. Suppose 2*t - 9 = q*g, -4*g + 1 + 4 = 3*t. Is ((-655)/(-15))/(t/9) prime?
True
Let d(v) = v**2 + 4*v + 7. Let z be d(-2). Let g(n) = 121*n**3 + 6*n**2 - 4. Is g(z) prime?
False
Is 3074414/17 - (4 - 910/221) - 1 a composite number?
False
Let y(r) = 41*r**3 + 8*r**2 - 3*r - 23. Let w be y(4). Let b = w - 940. Is b a composite number?
False
Let b(l) = -11*l**3 - l**2 + 4*l - 1. Let u(s) = s**3 + 1. Let z(g) = 3*g**3 + 3. Let p(a) = 8*u(a) - 3*z(a). Let f(c) = b(c) + 2*p(c). Is f(-4) a prime number?
True
Let x be 5507/(-1) - 2/(-2). Suppose -537*a - 22725 = -522*a. Let c = a - x. Is c a prime number?
False
Is ((-9)/12)/((-366)/61*(-1)/(-1774184)) prime?
True
Let y(c) = -5*c**2 + c - 4*c**2 + 11 + c**3 + 15*c. Let t be y(8). Suppose 3*n - t = 162. Is n prime?
True
Suppose -698943 = -8*k - 125815. Is k composite?
True
Let p = -371521 - -562484. Is p prime?
False
Let d(p) be the third derivative of p**6/24 - p**5/12 + 5*p**4/12 - 41*p**3/6 - 10*p**2 - 3*p. Is d(7) a composite number?
False
Suppose 5*j = -p + 688852, 35*j + p = 37*j - 275545. Is j a composite number?
False
Suppose -2*p = 3*o - 2, -p = o + 2*o - 7. Suppose 5*n = -3*d - 17, 0 = -o*d - 2*n - 4. Is (1084/12*d)/((-5)/(-75)) composite?
True
Let k(n) = 6 - 7 + 2044*n**2 + 1514*n**2 + 2*n. Is k(1) composite?
False
Let x = -19 - -28. Suppose 0 = -0*k + k - 5*m - 26, -4*k = -m - 9. Is (-5265)/(-21) - (k - x/7) a composite number?
False
Let w(y) = -15*y**3 + 2*y**2 + 8*y - 8. Let b(r) = r**3 - r**2 - r + 1. Let n(l) = -4*b(l) - w(l). Let d be 5 + (-5)/((-25)/(-10)). Is n(d) a composite number?
False
Suppose -3*i = -4*t + 11 - 4, -5*t = -5*i - 5. Suppose 8*w = -i*w + 35959. Is w a prime number?
False
Let j(q) = 20*q**3 + 2*q**2 + 22*q - 3. Is j(8) a prime number?
False
Suppose 6*h + 11*h - 6254760 = -103*h. Is h a prime number?
False
Let j(p) = 10762*p**2 + 321*p + 13. Is j(-6) a prime number?
True
Let y = 153980 + -89154. Is y a prime number?
False
Suppose 5*n - 3*a - 100178 - 36436 = 0, 7 = a. Is n prime?
False
Let v be 6/(-8)*(-29 - -25). Suppose -v*p + 1922 = 2*r - r, 4*r + p = 7721. Is r a prime number?
True
Suppose 194*f = 195*f - 5159. Suppose d - 2*o = f, -3*o - 5139 = -d + 23. Is d composite?
False
Suppose 0 = -5*z - k + 9155, k + 1411 = 3*z - 4082. Suppose 288*x - 2228 = 293*x - 4*c, 4*x + 5*c + 1848 = 0. Let g = x + z. Is g composite?
True
Suppose -5*y - 8595 = 5*j, 3*y + 2*j + 5122 = 6*j. Let s be 0/(-33) + 956/(-1). Let x = s - y. Is x composite?
True
Let t(p) = p**2 - 34*p - 53. Let m be t(-31). Suppose -2*u = -m - 3676. Is u composite?
False
Is (-6)/18*0 - (-6 + 37*-3353) composite?
False
Let w = -29706 + 89263. Is w a prime number?
True
Suppose -4*a + 76768 = -59308. Is a a prime number?
True
Let t(x) = 17*x**2 + 33*x - 203. Suppose p = -2*b + 30, -p - 43 = -3*b + 2. Is t(b) prime?
False
Suppose -1982193 + 503340 = -144*t + 2104011. Is t a composite number?
True
Let o(s) = 116*s**2 + 130*s. Let m be o(-9). Suppose -m = -5*g + 1429. Is g prime?
True
Let i = 18709 - -59568. Is i a prime number?
True
Let o = 899 - 505. Let w = o - 301. Is w prime?
False
Let q(t) = -343*t**3 - 8*t**2 - 6*t + 1. Let g be q(-1). Is 8/(-32)*4 - -2*g composite?
False
Let h = 50 - 50. Suppose 26*a - 15*a - 11957 = h. Is a composite?
False
Let a(n) = -21*n**3 + n**2 + 22*n - 32. Let g be a(-13). Suppose 3*x = 13*r - 18*r + g, -3*r - x + 27592 = 0. Is r a composite number?
True
Suppose -5*z = j - 16, 2*z + 3 - 13 = -4*j. Suppose 4*w = -u + 109, -z*w = -3*u - 15 - 48. Is w a prime number?
False
Let d = -133 - -135. Suppose 0 = -d*h + 4149 + 2239. Is 18/(-99) - (h/22)/(-1) a composite number?
True
Suppose -o - 4*y - 3986 = -3*o, 2*y = 2*o - 3978. Suppose 10*x - o = 5*x. Is x a composite number?
False
Is 87/116 - 1452363/(-12) prime?
False
Suppose -4*i = 4*l - 20, 2*i - 6*l = -3*l. Let v(z) = 4294*z - 43. Is v(i) prime?
False
Suppose -9*n + 180 = -3*n. Suppose 0 = -5*y - k + n, k - 10 - 5 = -2*y. Suppose 0 = 3*h - 5*r - 5378, y*h = h + 2*r + 7194. Is h a prime number?
True
Let a be -42 + 46 - 7*1. Is (7/a + 2)*27570/(-10) prime?
True
Let j be 66/30 + 1/(-5). Suppose 0 = -4*z + j*v + 46, 4*z - 31 = -0*z - v. Suppose 1011 = z*i + 246. Is i a composite number?
True
Let k(s) = 382*s + 97. Let l be 4/10 + (-1544)/(-40). Is k(l) a composite number?
True
Let q(t) = 30*t**2 - 9*t + 116. Is q(-27) a composite number?
False
Let r(s) = -s**3 - 30*s**2 - 58*s - 71. Let j be r(-28). Let f(k) = 18*k**2 - 68*k - 11. Is f(j) prime?
True
Suppose 19*a = 38*a - 1259149. Is a prime?
True
Let v(g) be the second derivative of 125*g**4/3 - 20*g**3/3 - 11*g**2/2 - 60*g. Is v(-6) composite?
False
Suppose 13*x - 120989 = 170263. Suppose -13*l + 6677 = -x. Is l a prime number?
True
Suppose -5*m + 6*d + 262959 = 13358, 5*m - 249590 = -5*d. Is m composite?
False
Let d = 135 + -160. Let t(q) = -6*q - 11. Is t(d) composite?
False
Suppose -w + 12 = -4*w. Let a be (w + 4)*(-1)/4. Suppose -3*z - r + 756 = -a*r, -2*r + 247 = z. Is z composite?
True
Let u(i) be the first derivative of 5 + i**3 - 22*i + 3/2*i**2. Is u(-9) composite?
True
Suppose -26*i + 17220 = -24*i. Suppose i - 1924 = p. Is p prime?
False
Suppose 0 = 2*d - 106 + 32. Suppose 113*q = 84*q + 16240. Suppose -d = j - q. Is j a composite number?
False
Let q(b) = 9*b**2 + 2*b. Let o be q(-6). Let t(r) = -75*r + 7. Let d be t(-8). Let y = d - o. Is y a prime number?
False
Let h = 26127 + -10835. Let q = -10431 + 